{"id":9,"date":"2022-02-25T06:12:36","date_gmt":"2022-02-25T05:12:36","guid":{"rendered":"https:\/\/www.amendagmbh.org\/?page_id=9"},"modified":"2022-02-25T06:21:39","modified_gmt":"2022-02-25T05:21:39","slug":"startseite","status":"publish","type":"page","link":"http:\/\/www.birktransporte.de\/","title":{"rendered":"Startseite"},"content":{"rendered":"\n<h4 class=\"wp-block-heading\">Nationaler und Internationaler Wechselbr\u00fccken- und Sattelverkehr<\/h4>\n\n\n\n<p><strong>P\u00fcnktlich und sicher im Inland und ins Ausland!<\/strong><\/p>\n\n\n\n<ul class=\"wp-block-list\"><li>Wir organisieren Transporte jeder Art.<\/li><li>F\u00fcr jede Herausforderung finden wir die passende Transportl\u00f6sung.<\/li><li>Die Lydia Birk Transport GmbH sorgt daf\u00fcr, dass Ihre Waren p\u00fcnktlich und sicher am Bestimmungsort ankommen.<\/li><li>Daf\u00fcr garantieren wir!<\/li><li>Auf Wunsch fahren wir auch Ziele im Ausland an.<\/li><\/ul>\n\n\n\n<p><br>Bei Fragen stehen wir Ihnen gerne telefonisch unter\u00a0<strong>0 84 43 \/ 916 96 66\u00a0<\/strong>oder<br>per E-Mail an\u00a0<a href=\"mailto:info@birktransporte.de\">info[at]birktransporte.de<\/a>\u00a0zur Verf\u00fcgung.<\/p>\n\n\n\n<p>Wir freuen uns auch \u00fcber Ihre Anfrage per Telefon oder E-Mail.<\/p>\n\n\n\n<p>Ihr Team von<br>Lydia Birk Transporte GmbH<br>Gutenbergstra\u00dfe 3<br>86558 Hohenwart<br><br>Tel.: 084439169666<br>Fax: 084439169668<\/p>\n","protected":false},"excerpt":{"rendered":"<p>Nationaler und Internationaler Wechselbr\u00fccken- und Sattelverkehr P\u00fcnktlich und sicher im Inland und ins Ausland! Wir organisieren Transporte jeder Art. F\u00fcr jede Herausforderung [&hellip;]<\/p>\n","protected":false},"author":1,"featured_media":0,"parent":0,"menu_order":0,"comment_status":"closed","ping_status":"closed","template":"page-templates\/page_front-page.php","meta":{"footnotes":""},"class_list":["post-9","page","type-page","status-publish","hentry"],"_links":{"self":[{"href":"http:\/\/www.birktransporte.de\/index.php\/wp-json\/wp\/v2\/pages\/9","targetHints":{"allow":["GET"]}}],"collection":[{"href":"http:\/\/www.birktransporte.de\/index.php\/wp-json\/wp\/v2\/pages"}],"about":[{"href":"http:\/\/www.birktransporte.de\/index.php\/wp-json\/wp\/v2\/types\/page"}],"author":[{"embeddable":true,"href":"http:\/\/www.birktransporte.de\/index.php\/wp-json\/wp\/v2\/users\/1"}],"replies":[{"embeddable":true,"href":"http:\/\/www.birktransporte.de\/index.php\/wp-json\/wp\/v2\/comments?post=9"}],"version-history":[{"count":2,"href":"http:\/\/www.birktransporte.de\/index.php\/wp-json\/wp\/v2\/pages\/9\/revisions"}],"predecessor-version":[{"id":16,"href":"http:\/\/www.birktransporte.de\/index.php\/wp-json\/wp\/v2\/pages\/9\/revisions\/16"}],"wp:attachment":[{"href":"http:\/\/www.birktransporte.de\/index.php\/wp-json\/wp\/v2\/media?parent=9"}],"curies":[{"name":"wp","href":"https:\/\/api.w.org\/{rel}","templated":true}]}}